What is the hundreds digit of 1287539785?
7
What is the thousands digit of 119711652?
1
What is the hundred thousands digit of 992844944?
8
What is the ten millions digit of 38910423?
3
What is the thousands digit of 3299443362?
3
What is the hundred millions digit of 1363968384?
3
What is the ten thousands digit of 8932019?
3
What is the hundred thousands digit of 76959454?
9
What is the billions digit of 1998228408?
1
What is the ten millions digit of 95930157?
9
What is the hundred thousands digit of 1485691347?
6
What is the units digit of 350047008?
8
What is the tens digit of 130481931?
3
What is the ten millions digit of 106850683?
0
What is the units digit of 1600742267?
7
What is the ten millions digit of 559852069?
5
What is the millions digit of 5989597?
5
What is the ten thousands digit of 2873058261?
5
What is the millions digit of 1509132016?
9
What is the thousands digit of 30653639?
3
What is the tens digit of 5279853870?
7
What is the thousands digit of 47948245?
8
What is the tens digit of 1697414974?
7
What is the units digit of 15638260?
0
What is the hundred thousands digit of 468036?
4
What is the units digit of 2916214476?
6
What is the hundred thousands digit of 956358596?
3
What is the ten thousands digit of 25367328?
6
What is the hundreds digit of 43904346?
3
What is the ten millions digit of 183559076?
8
What is the units digit of 76279582?
2
What is the hundred thousands digit of 2943027?
9
What is the hundred thousands digit of 1276256383?
2
What is the hundred millions digit of 1341870637?
3
What is the hundreds digit of 296516984?
9
What is the tens digit of 486365226?
2
What is the ten millions digit of 432443202?
3
What is the millions digit of 10373758?
0
What is the tens digit of 224422369?
6
What is the ten millions digit of 86286605?
8
What is the tens digit of 209978334?
3
What is the hundreds digit of 147657605?
6
What is the ten thousands digit of 1221233179?
3
What is the millions digit of 167078419?
7
What is the hundreds digit of 2912989393?
3
What is the hundred millions digit of 140258224?
1
What is the units digit of 45499635?
5
What is the billions digit of 1600428983?
1
What is the tens digit of 364166360?
6
What is the hundred thousands digit of 443736567?
7
What is the ten millions digit of 457622085?
5
What is the hundred millions digit of 831562617?
8
What is the hundred thousands digit of 8441299782?
2
What is the tens digit of 67355400?
0
What is the ten millions digit of 149941898?
4
What is the thousands digit of 380006352?
6
What is the hundreds digit of 1796597330?
3
What is the hundred thousands digit of 76958458?
9
What is the units digit of 892464240?
0
What is the tens digit of 35413104?
0
What is the tens digit of 3177376277?
7
What is the hundred millions digit of 3041415990?
0
What is the ten millions digit of 83938091?
8
What is the millions digit of 2710520340?
0
What is the ten thousands digit of 1873235112?
3
What is the millions digit of 315789566?
5
What is the tens digit of 385068001?
0
What is the units digit of 749866231?
1
What is the ten millions digit of 176554288?
7
What is the ten thousands digit of 329663881?
6
What is the millions digit of 364138504?
4
What is the millions digit of 1938890000?
8
What is the tens digit of 129458407?
0
What is the units digit of 247839030?
0
What is the hundred thousands digit of 269979432?
9
What is the tens digit of 8428985113?
1
What is the tens digit of 49860222?
2
What is the ten millions digit of 2124149784?
2
What is the tens digit of 157394055?
5
What is the ten thousands digit of 487414950?
1
What is the tens digit of 792765295?
9
What is the ten thousands digit of 8253347?
5
What is the hundred millions digit of 403270598?
4
What is the hundred millions digit of 353926260?
3
What is the tens digit of 42391006?
0
What is the ten thousands digit of 297515404?
1
What is the ten millions digit of 3684461152?
8
What is the hundreds digit of 55270284?
2
What is the millions digit of 182404733?
2
What is the billions digit of 1226530151?
1
What is the billions digit of 3872327310?
3
What is the hundreds digit of 82872133?
1
What is the tens digit of 74945200?
0
What is the ten millions digit of 1345990430?
4
What is the hundreds digit of 28270376?
3
What is the billions digit of 3772090476?
3
What is the hundreds digit of 1161682?
6
What is the thousands digit of 20961613?
1
What is the tens digit of 1523852501?
0
What is the tens digit of 74162217?
1
What is the tens digit of 84482006?
0
What is the ten thousands digit of 1953230990?
3
What is the units digit of 97747265?
5
What is the millions digit of 155484801?
5
What is the ten millions digit of 82121333?
8
What is the millions digit of 16828835?
6
What is the hundred thousands digit of 209197028?
1
What is the ten thousands digit of 1788008029?
0
What is the hundred thousands digit of 73209069?
2
What is the ten millions digit of 426613454?
2
What is the thousands digit of 1578594517?
4
What is the thousands digit of 2577728797?
8
What is the hundred thousands digit of 891633302?
6
What is the ten thousands digit of 22533198?
3
What is the units digit of 1937953029?
9
What is the ten thousands digit of 718000?
1
What is the hundreds digit of 235837927?
9
What is the hundred thousands digit of 213251412?
2
What is the hundreds digit of 39124600?
6
What is the hundred millions digit of 395086664?
3
What is the hundred thousands digit of 85211395?
2
What is the units digit of 29092726?
6
What is the ten millions digit of 31765512?
3
What is the hundreds digit of 35626127?
1
What is the ten thousands digit of 502478208?
7
What is the hundreds digit of 35669792?
7
What is the tens digit of 9094778?
7
What is the tens digit of 166868571?
7
What is the ten thousands digit of 74105639?
0
What is the hundreds digit of 49228273?
2
What is the hundreds digit of 112587138?
1
What is the hundred thousands digit of 700044450?
0
What is the thousands digit of 805057259?
7
What is the millions digit of 107788044?
7
What is the billions digit of 6508844048?
6
What is the millions digit of 1565931029?
5
What is the millions digit of 2336443810?
6
What is the thousands digit of 157219988?
9
What is the hundred millions digit of 720532423?
7
What is the millions digit of 473212834?
3
What is the hundred millions digit of 155096834?
1
What is the units digit of 145915658?
8
What is the ten thousands digit of 11393158?
9
What is the ten thousands digit of 731157399?
5
What is the ten millions digit of 127246351?
2
What is the ten millions digit of 333728909?
3
What is the ten millions digit of 253987662?
5
What is the hundred millions digit of 2199511125?
1
What is the ten millions digit of 219840964?
1
What is the ten thousands digit of 2679634716?
3
What is the hundreds digit of 72692650?
6
What is the thousands digit of 94872188?
2
What is the thousands digit of 302901789?
1
What is the thousands digit of 29848089?
8
What is the hundred millions digit of 136142061?
1
What is the thousands digit of 54136479?
6
What is the hundreds digit of 363972?
9
What is the hundreds digit of 71689023?
0
What is the units digit of 41134062?
2
What is the ten thousands digit of 76007083?
0
What is the ten millions digit of 33893023?
3
What is the hundred millions digit of 395907564?
3
What is the ten millions digit of 4410408118?
1
What is the units digit of 2992210280?
0
What is the hundred millions digit of 1830684023?
8
What is the hundred thousands digit of 264002117?
0
What is the hundred thousands digit of 1097443096?
4
What is the hundred millions digit of 5370519173?
3
What is the units digit of 2109763231?
1
What is the hundreds digit of 244408083?
0
What is the thousands digit of 40651797?
1
What is the ten millions digit of 13313611?
1
What is the thousands digit of 1631039348?
9
What is the billions digit of 4614606122?
4
What is the hundred thousands digit of 158440515?
4
What is the hundred millions digit of 476071242?
4
What is the ten thousands digit of 2638722?
3
What is the thousands digit of 90933533?
3
What is the hundred thousands digit of 725137993?
1
What is the ten millions digit of 71532864?
7
What is the tens digit of 355340825?
2
What is the hundred thousands digit of 9907790